{"id":596,"date":"2024-07-10T21:15:07","date_gmt":"2024-07-10T19:15:07","guid":{"rendered":"https:\/\/www.chatligue.com\/usuarios\/?page_id=596"},"modified":"2024-07-11T12:51:56","modified_gmt":"2024-07-11T10:51:56","slug":"seroperador","status":"publish","type":"page","link":"https:\/\/www.chatligue.com\/usuarios\/seroperador\/","title":{"rendered":"Ser Operador"},"content":{"rendered":"\n<p>Saludos y gracias por ponerte en contacto con ChatLigue. En nombre de la Administraci\u00f3n, agradecemos tu buena intenci\u00f3n de formar parte de nuestro equipo de voluntarios y colaborar con nosotros en la importante misi\u00f3n de ayudar a los usuarios y velar por su seguridad. A continuaci\u00f3n, te mostramos los requisitos que debes cumplir:<\/p>\n\n\n\n<p><\/p>\n\n\n\n<ul class=\"wp-block-list\">\n<li>Debes ser mayor de edad (18 a\u00f1os cumplidos).<\/li>\n\n\n\n<li>Tener el nick registrado en la red con una antig\u00fcedad m\u00ednima de 3 meses.<\/li>\n\n\n\n<li>No formar parte del staff de ninguna otra red de IRC.<\/li>\n<\/ul>\n\n\n\n<p>Si cumples con estos 3 requisitos ya estas listo para solicitar unirte a nuestras filas. Si eres admitido en el proceso de aprendizaje para ser Operador de Red, pasar\u00e1s por un proceso de formaci\u00f3n en el cual te ense\u00f1aremos los Modos de usuario y canal, los comandos de los bots de la red y algunos conocimientos m\u00ednimos sobre la Red de IRC como ban, m\u00e1scaras, comandos, etc.<\/p>\n\n\n\n<p>Aunque valoramos tu experiencia previa en el IRC y conocimientos, no te preocupes, pues estamos aqu\u00ed para ayudarte y si tienes ganas y motivaci\u00f3n, seguro que con nuestra formaci\u00f3n llegar\u00e1s a ser un excelente Operador de Red.<\/p>\n\n\n\n<p>Sin m\u00e1s que a\u00f1adir, ya s\u00f3lo te queda rellenar el siguiente formulario y nosotros nos pondremos en contacto contigo:<\/p>\n\n\n\n<div class=\"wpcf7 no-js\" id=\"wpcf7-f605-o1\" lang=\"es-ES\" dir=\"ltr\" data-wpcf7-id=\"605\">\n<div class=\"screen-reader-response\"><p role=\"status\" aria-live=\"polite\" aria-atomic=\"true\"><\/p> <ul><\/ul><\/div>\n<form action=\"\/usuarios\/wp-json\/wp\/v2\/pages\/596#wpcf7-f605-o1\" method=\"post\" class=\"wpcf7-form init\" aria-label=\"Formulario de contacto\" novalidate=\"novalidate\" data-status=\"init\">\n<fieldset class=\"hidden-fields-container\"><input type=\"hidden\" name=\"_wpcf7\" value=\"605\" \/><input type=\"hidden\" name=\"_wpcf7_version\" value=\"6.1.5\" \/><input type=\"hidden\" name=\"_wpcf7_locale\" value=\"es_ES\" \/><input type=\"hidden\" name=\"_wpcf7_unit_tag\" value=\"wpcf7-f605-o1\" \/><input type=\"hidden\" name=\"_wpcf7_container_post\" value=\"0\" \/><input type=\"hidden\" name=\"_wpcf7_posted_data_hash\" value=\"\" \/>\n<\/fieldset>\n<p><label> Tu nick<br \/>\n<span class=\"wpcf7-form-control-wrap\" data-name=\"your-nick\"><input size=\"40\" maxlength=\"400\" class=\"wpcf7-form-control wpcf7-text wpcf7-validates-as-required\" autocomplete=\"nick\" aria-required=\"true\" aria-invalid=\"false\" value=\"\" type=\"text\" name=\"your-nick\" \/><\/span> <\/label>\n<\/p>\n<p><label> Tu nombre completo<br \/>\n<span class=\"wpcf7-form-control-wrap\" data-name=\"your-name\"><input size=\"40\" maxlength=\"400\" class=\"wpcf7-form-control wpcf7-text wpcf7-validates-as-required\" autocomplete=\"name\" aria-required=\"true\" aria-invalid=\"false\" value=\"\" type=\"text\" name=\"your-name\" \/><\/span> <\/label>\n<\/p>\n<p><label> Tu correo electr\u00f3nico<br \/>\n<span class=\"wpcf7-form-control-wrap\" data-name=\"your-email\"><input size=\"40\" maxlength=\"400\" class=\"wpcf7-form-control wpcf7-email wpcf7-validates-as-required wpcf7-text wpcf7-validates-as-email\" autocomplete=\"email\" aria-required=\"true\" aria-invalid=\"false\" value=\"\" type=\"email\" name=\"your-email\" \/><\/span> <\/label>\n<\/p>\n<p><label> Tu edad<br \/>\n<span class=\"wpcf7-form-control-wrap\" data-name=\"number-992\"><input class=\"wpcf7-form-control wpcf7-number wpcf7-validates-as-required wpcf7-validates-as-number\" min=\"18\" max=\"99\" aria-required=\"true\" aria-invalid=\"false\" value=\"18\" type=\"number\" name=\"number-992\" \/><\/span> <\/label>\n<\/p>\n<p><label> Disponibilidad horaria<br \/>\n<span class=\"wpcf7-form-control-wrap\" data-name=\"your-hours\"><textarea cols=\"40\" rows=\"10\" maxlength=\"2000\" class=\"wpcf7-form-control wpcf7-textarea wpcf7-validates-as-required\" aria-required=\"true\" aria-invalid=\"false\" name=\"your-hours\"><\/textarea><\/span> <\/label>\n<\/p>\n<p><label> Tu experiencia en el IRC<br \/>\n<span class=\"wpcf7-form-control-wrap\" data-name=\"your-message\"><textarea cols=\"40\" rows=\"10\" maxlength=\"2000\" class=\"wpcf7-form-control wpcf7-textarea wpcf7-validates-as-required\" aria-required=\"true\" aria-invalid=\"false\" name=\"your-message\"><\/textarea><\/span> <\/label>\n<\/p>\n<p><label> Motivo por el cual quieres colaborar<br \/>\n<span class=\"wpcf7-form-control-wrap\" data-name=\"your-motivo\"><textarea cols=\"40\" rows=\"10\" maxlength=\"2000\" class=\"wpcf7-form-control wpcf7-textarea wpcf7-validates-as-required\" aria-required=\"true\" aria-invalid=\"false\" name=\"your-motivo\"><\/textarea><\/span> <\/label>\n<\/p>\n<p><span class=\"wpcf7-form-control-wrap\" data-name=\"acceptance-682\"><span class=\"wpcf7-form-control wpcf7-acceptance\"><span class=\"wpcf7-list-item\"><input type=\"checkbox\" name=\"acceptance-682\" value=\"1\" id=\"casilla-aceptar\" aria-invalid=\"false\" \/><\/span><\/span><\/span> Con este formulario usted est\u00e1 conforme con que sus datos sean almacenados de forma privada.\n<\/p>\n<p><input class=\"wpcf7-form-control wpcf7-submit has-spinner\" type=\"submit\" value=\"Enviar\" \/>\n<\/p><div class=\"wpcf7-response-output\" aria-hidden=\"true\"><\/div>\n<\/form>\n<\/div>\n\n","protected":false},"excerpt":{"rendered":"<p>Saludos y gracias por ponerte en contacto con ChatLigue. En nombre de la Administraci\u00f3n, agradecemos tu buena intenci\u00f3n de formar parte de nuestro equipo de voluntarios y colaborar con nosotros en la importante misi\u00f3n de ayudar a los usuarios y velar por su seguridad. A continuaci\u00f3n, te mostramos los requisitos que debes cumplir: Si cumples &hellip; <a href=\"https:\/\/www.chatligue.com\/usuarios\/seroperador\/\" class=\"more-link\">Seguir leyendo<span class=\"screen-reader-text\"> &#8220;Ser Operador&#8221;<\/span><\/a><\/p>\n","protected":false},"author":1,"featured_media":0,"parent":0,"menu_order":0,"comment_status":"closed","ping_status":"closed","template":"","meta":{"footnotes":""},"class_list":["post-596","page","type-page","status-publish","hentry"],"_links":{"self":[{"href":"https:\/\/www.chatligue.com\/usuarios\/wp-json\/wp\/v2\/pages\/596","targetHints":{"allow":["GET"]}}],"collection":[{"href":"https:\/\/www.chatligue.com\/usuarios\/wp-json\/wp\/v2\/pages"}],"about":[{"href":"https:\/\/www.chatligue.com\/usuarios\/wp-json\/wp\/v2\/types\/page"}],"author":[{"embeddable":true,"href":"https:\/\/www.chatligue.com\/usuarios\/wp-json\/wp\/v2\/users\/1"}],"replies":[{"embeddable":true,"href":"https:\/\/www.chatligue.com\/usuarios\/wp-json\/wp\/v2\/comments?post=596"}],"version-history":[{"count":3,"href":"https:\/\/www.chatligue.com\/usuarios\/wp-json\/wp\/v2\/pages\/596\/revisions"}],"predecessor-version":[{"id":609,"href":"https:\/\/www.chatligue.com\/usuarios\/wp-json\/wp\/v2\/pages\/596\/revisions\/609"}],"wp:attachment":[{"href":"https:\/\/www.chatligue.com\/usuarios\/wp-json\/wp\/v2\/media?parent=596"}],"curies":[{"name":"wp","href":"https:\/\/api.w.org\/{rel}","templated":true}]}}